onvert -1165531 (base 13) to base 6.
-311201334
What is -1710442 (base 8) in base 11?
-309644
What is 355515 (base 11) in base 15?
b2009
What is 1321101312 (base 4) in base 5?
111344013
-2112102212211 (base 3) to base 12
-54b6aa
What is 93404 (base 14) in base 8?
1264714
Convert 1111110011001001111 (base 2) to base 10.
517711
-21464444 (base 7) to base 11
-1052452
-721398 (base 13) to base 12
-a82936
Convert -6084a (base 13) to base 5.
-21012110
Convert 13214321 (base 5) to base 16.
2056d
Convert -41452425 (base 7) to base 10.
-3491955
194678 (base 11) to base 16
48fcb
What is 717121 (base 12) in base 9?
3304537
What is 6b359 (base 14) in base 6?
5333535
Convert -23169 (base 14) to base 16.
-14d69
789777 (base 12) to base 5
443034423
Convert 144af8 (base 16) to base 11.
829201
What is 424188 (base 10) in base 6?
13031500
308047 (base 12) to base 4
2321220313
1071042 (base 10) to base 4
10011133002
407604 (base 11) to base 15
cdcbb
What is 8964a (base 14) in base 6?
11050522
Convert -1011152 (base 7) to base 16.
-1d69f
What is -30aaa37 (base 11) in base 16?
-538d45
66859 (base 11) to base 2
10111101001100000
-101110010011010 (base 2) to base 15
-7056
1a8d1 (base 14) to base 6
1240555
What is 13020103033 (base 4) in base 15?
26dba7
What is -9607d (base 14) in base 10?
-362319
c0ad50 (base 16) to base 6
1130351344
What is 1020310133223 (base 4) in base 3?
1022220211201100
What is -141c (base 15) in base 10?
-4302
4433346 (base 8) to base 13
32a443
Convert 46b2b51 (base 12) to base 9.
27644787
Convert 173122 (base 10) to base 5.
21014442
What is -1010111010010001010 (base 2) in base 13?
-c6961
Convert -10101101100110111 (base 2) to base 8.
-255467
What is 35a5686 (base 11) in base 7?
104220013
Convert -8ff1 (base 16) to base 4.
-20333301
-101112100001 (base 3) to base 6
-4235344
What is -10111211011 (base 3) in base 6?
-1252004
What is -122320023110 (base 4) in base 12?
-2439558
-3279 (base 10) to base 2
-110011001111
-2133010 (base 5) to base 3
-1212020200
What is -2878747 (base 11) in base 13?
-104208c
What is -32914 (base 14) in base 15?
-2647d
Convert 420004340 (base 5) to base 9.
3210443
-1520531 (base 7) to base 11
-131378
43331 (base 10) to base 15
cc8b
102406511 (base 7) to base 5
3023212023
What is -135798 (base 10) in base 2?
-100001001001110110
What is 209373 (base 12) in base 13?
14cab1
What is -19502613 (base 10) in base 5?
-14443040423
Convert 1000101101111 (base 2) to base 7.
16004
What is 1120632 (base 7) in base 6?
2554103
Convert 334013031 (base 5) to base 2.
101100110110101000110
Convert 120748 (base 11) to base 13.
69072
-4bbcab (base 14) to base 13
-703557
Convert 5c078 (base 14) to base 10.
225114
-1011134 (base 7) to base 8
-353223
Convert 100001100111011011100 (base 2) to base 9.
2058014
Convert -100001000001011010000 (base 2) to base 3.
-2000222022110
What is 22111002 (base 4) in base 5?
2323211
-64236 (base 11) to base 12
-460b7
-2a3a49a (base 12) to base 13
-1a00443
What is -42124323 (base 5) in base 10?
-348713
What is 7290241 (base 10) in base 16?
6f3d81
-340425 (base 6) to base 3
-1110022222
Convert -102142435 (base 8) to base 6.
-1415525101
10311003322 (base 4) to base 8
4650372
Convert -2625033 (base 11) to base 3.
-22112221010012
Convert -302623252 (base 7) to base 2.
-1000011010001110010011101
51973 (base 11) to base 9
124756
What is -74463 (base 8) in base 11?
-21347
Convert 2966b3 (base 13) to base 14.
1c574d
Convert 47908 (base 12) to base 6.
2022012
Convert -1972939 (base 10) to base 7.
-22525003
-211001200112 (base 3) to base 10
-434255
What is -b21487 (base 12) in base 10?
-2781031
What is -45205444 (base 6) in base 7?
-14433445
Convert 619a44 (base 12) to base 5.
342441042
What is 74181 (base 11) in base 5?
11424041
What is -967638 (base 10) in base 7?
-11140050
4e56a9 (base 15) to base 3
21002021002220
Convert -30ba8 (base 12) to base 4.
-33212300
-423253 (base 10) to base 16
-67555
What is -221121121012 (base 3) in base 6?
-14450052
What is -112156 (base 12) in base 13?
-974a0
222022122001011 (base 3) to base 8
65267032
397a70 (base 11) to base 6
21223542
What is b8985 (base 13) in base 5?
41132002
What is -2021242421 (base 5) in base 6?
-223334220
What is 53726617 (base 8) in base 16?
afad8f
Convert -8899 (base 16) to base 12.
-182a1
-7123569 (base 10) to base 9
-14356626
15503354 (base 6) to base 4
2012332312
What is 30968a (base 11) in base 13?
144986
What is 113d7b (base 14) in base 3?
1002211101112
What is 1e5c5 (base 15) in base 6?
2043105
Convert b9684 (base 14) to base 13.
12922c
-17626 (base 8) to base 7
-32401
Convert 12110221 (base 3) to base 13.
1a83
What is -64993 (base 13) in base 2?
-101100011000100011
What is 21665b5 (base 12) in base 11?
3651763
50846 (base 12) to base 8
314666
-125867 (base 9) to base 8
-225355
-359138 (base 12) to base 3
-1121222210222
What is d8f4ce (base 16) in base 4?
312033103032
-2622203 (base 8) to base 12
-2b2717
Convert -14155030 (base 7) to base 3.
-2111022010111
Convert -1100101000110011010101 (base 2) to base 12.
-11391b1
25332245 (base 6) to base 13
229853
What is 10554780 (base 10) in base 11?
5a59a65
1001000000010100 (base 2) to base 7
212351
-293332 (base 10) to base 14
-78c84
188670 (base 11) to base 2
1000110101101011110
-19bb5 (base 16) to base 5
-11333042
-1301013321 (base 4) to base 8
-1610771
What is 101011131 (base 4) in base 2?
10001000101011101
Convert 10231251 (base 6) to base 7.
2355514
122223000 (base 4) to base 12
53280
What is -1044073 (base 8) in base 2?
-1000100100000111011
Convert 231774 (base 8) to base 12.
39764
Convert 9075cc (base 14) to base 9.
10127661
What is 153787 (base 9) in base 13?
34138
What is -303a01 (base 12) in base 7?
-6254455
What is -102872 (base 15) in base 8?
-2734040
d8e1 (base 16) to base 13
1c36b
Convert 4005554 (base 6) to base 4.
231320032
What is -483a (base 11) in base 8?
-14277
Convert 1011021 (base 3) to base 10.
844
What is -44169 (base 10) in base 14?
-1214d
Convert 527303 (base 8) to base 2.
101010111011000011
Convert -23430135 (base 6) to base 4.
-2303122223
1111100100110001110010 (base 2) to base 10
4082802
Convert 20393 (base 14) to base 4.
102323231
660323 (base 7) to base 6
2250152
-10111001 (base 4) to base 14
-6665
31350 (base 10) to base 11
21610
What is -16264331 (base 8) in base 4?
-32112203121
What is -201001021120 (base 3) in base 7?
-3121014
What is 32771b (base 12) in base 3?
1111200220012
What is -17672 (base 14) in base 11?
-40286
Convert -c56a1b (base 16) to base 3.
-220100022021010
What is -203010230 (base 4) in base 13?
-5050a
Convert -91093 (base 10) to base 7.
-526402
-200100220 (base 5) to base 3
-1110212001011
What is -11333060 (base 8) in base 14?
-48497a
1117125 (base 9) to base 13
181187
What is 32002321 (base 5) in base 3?
111111211102
What is 2813578 (base 12) in base 15?
a7c33b
What is 31b08 (base 14) in base 11?
82303
6573611 (base 8) to base 6
101513545
-33787 (base 11) to base 9
-74016
-122106 (base 8) to base 4
-22101012
-10887d1 (base 14) to base 9
-15710355
What is 222073 (base 11) in base 4?
1112131032
-1200422 (base 8) to base 16
-50112
What is -3278a (base 14) in base 13?
-43834
-2220011220 (base 3) to base 12
-28b96
What is 1212640 (base 7) in base 13?
5552b
Convert -27ada4 (base 14) to base 6.
-45244152
-2060436 (base 7) to base 6
-5205023
What is -6bbd24 (base 15) in base 8?
-23520671
465567 (base 8) to base 4
212231313
Convert -1101001111100011000 (base 2) to base 10.
-433944
Convert -637427 (base 11) to base 8.
-3710233
Convert 135514 (base 10) to base 9.
225801
-31955 (base 12) to base 6
-1222145
5104406 (base 10) to base 11
297701a
What is 3acc0 (base 14) in base 6?
3040132
What is -6758b (base 12) in base 11?
-94204
51793 (base 13) to base 5
14140210
-12320230331 (base 4) to base 15
-259cb2
What is -636314 (base 7) in base 8?
-327265
-3bed77 (base 15) to base 16
-2c06a7
What is 1cc680 (base 14) in base 12?
4199a0
1371261 (base 9) to base 16
b8705
What is 12321301 (base 5) in base 6?
2324253
-17730377 (base 8) to base 16
-3fb0ff
200462 (base 11) to base 4
1032301132
What is 292812 (base 12) in base 6?
22433222
Convert 35415103 (base 6) to base 12.
454493
a0a677 (base 11) to base 5
403442010
Convert -10044444 (base 5) to base 3.
-11010110020
What is -333323